{"id":130,"date":"2026-04-01T12:20:40","date_gmt":"2026-04-01T15:20:40","guid":{"rendered":"https:\/\/apfa.org.ar\/sief18\/?page_id=130"},"modified":"2026-04-17T10:12:30","modified_gmt":"2026-04-17T13:12:30","slug":"workshop","status":"publish","type":"page","link":"https:\/\/apfa.org.ar\/sief18\/workshop\/","title":{"rendered":"Workshop"},"content":{"rendered":"\n<p>El Workshop se desarrollar\u00e1 en Cursos de 8 horas presenciales. Cada participante se podr\u00e1 inscribir a dos Cursos como m\u00e1ximo: uno el d\u00eda lunes 28 de septiembre y el otro el d\u00eda martes 29 de septiembre.<\/p>\n\n\n\n<p>Para la aprobaci\u00f3n de estos cursos, los profesores solicitar\u00e1n alguna actividad de s\u00edntesis. Quienes aprueben dos cursos recibir\u00e1n un certificado de Curso aprobado de 24 horas. Quienes decidan asistir a un \u00fanico curso, recibir\u00e1n un certificado de aprobaci\u00f3n de curso de 12 horas (completando las actividades requeridas).<\/p>\n\n\n\n<h2 class=\"wp-block-heading\">Cursos confirmados<\/h2>\n\n\n\n<p><strong>Profesor:<\/strong> Dr. Agust\u00edn Ad\u00fariz-Bravo<br><small>UBA, Buenos Aires, Argentina<\/small><\/p>\n\n\n\n<p><em>T\u00edtulo del curso a confirmar<\/em><\/p>\n\n\n\n<p><strong>Profesoras:<\/strong> Dra. Ileana Greca y Dra. Irene Arriasecq<br><small>Universidad de Burgos, Espa\u00f1a || UNICEN, Tandil, Argentina<\/small><\/p>\n\n\n\n<p><em>T\u00edtulo del curso a confirmar<\/em><\/p>\n\n\n\n<p><strong>Profesora:<\/strong> Dra. Laura Buteler<br><small>UNC, C\u00f3rdoba, Argentina<\/small><\/p>\n\n\n\n<p><em>T\u00edtulo del curso a confirmar<\/em><\/p>\n\n\n\n<p><strong>Profesoras:<\/strong> Dra. Marta Massa, Mg. Claudia Romagnoli y Prof. Viviana Sebben<br><small>UNR, Rosario, Argentina. Programa GLOBE\/NASA<\/small><\/p>\n\n\n\n<p><em>T\u00edtulo del curso a confirmar<\/em><\/p>\n","protected":false},"excerpt":{"rendered":"<p>El Workshop se desarrollar\u00e1 en Cursos de 8 horas presenciales. Cada participante se podr\u00e1 inscribir a dos Cursos como m\u00e1ximo: uno el d\u00eda lunes 28 de septiembre y el otro el d\u00eda martes 29 de septiembre. Para la aprobaci\u00f3n de estos cursos, los profesores solicitar\u00e1n alguna actividad de s\u00edntesis. Quienes aprueben dos cursos recibir\u00e1n un&hellip;&nbsp;<\/p>\n","protected":false},"author":2,"featured_media":42,"parent":0,"menu_order":0,"comment_status":"closed","ping_status":"closed","template":"","meta":{"neve_meta_sidebar":"","neve_meta_container":"","neve_meta_enable_content_width":"","neve_meta_content_width":0,"neve_meta_title_alignment":"","neve_meta_author_avatar":"","neve_post_elements_order":"","neve_meta_disable_header":"","neve_meta_disable_footer":"","neve_meta_disable_title":"","footnotes":""},"class_list":["post-130","page","type-page","status-publish","has-post-thumbnail","hentry"],"jetpack_sharing_enabled":true,"_links":{"self":[{"href":"https:\/\/apfa.org.ar\/sief18\/wp-json\/wp\/v2\/pages\/130","targetHints":{"allow":["GET"]}}],"collection":[{"href":"https:\/\/apfa.org.ar\/sief18\/wp-json\/wp\/v2\/pages"}],"about":[{"href":"https:\/\/apfa.org.ar\/sief18\/wp-json\/wp\/v2\/types\/page"}],"author":[{"embeddable":true,"href":"https:\/\/apfa.org.ar\/sief18\/wp-json\/wp\/v2\/users\/2"}],"replies":[{"embeddable":true,"href":"https:\/\/apfa.org.ar\/sief18\/wp-json\/wp\/v2\/comments?post=130"}],"version-history":[{"count":10,"href":"https:\/\/apfa.org.ar\/sief18\/wp-json\/wp\/v2\/pages\/130\/revisions"}],"predecessor-version":[{"id":172,"href":"https:\/\/apfa.org.ar\/sief18\/wp-json\/wp\/v2\/pages\/130\/revisions\/172"}],"wp:featuredmedia":[{"embeddable":true,"href":"https:\/\/apfa.org.ar\/sief18\/wp-json\/wp\/v2\/media\/42"}],"wp:attachment":[{"href":"https:\/\/apfa.org.ar\/sief18\/wp-json\/wp\/v2\/media?parent=130"}],"curies":[{"name":"wp","href":"https:\/\/api.w.org\/{rel}","templated":true}]}}

<p>El Workshop se desarrollará en Cursos de 8 horas presenciales. Cada participante se podrá inscribir a dos Cursos como máximo: uno el día lunes 28 de septiembre y el otro el día martes 29 de septiembre.</p>



<p>Para la aprobación de estos cursos, los profesores solicitarán alguna actividad de síntesis. Quienes aprueben dos cursos recibirán un certificado de Curso aprobado de 24 horas. Quienes decidan asistir a un único curso, recibirán un certificado de aprobación de curso de 12 horas (completando las actividades requeridas).</p>



<h2 class="wp-block-heading">Cursos confirmados</h2>



<p><strong>Profesor:</strong> Dr. Agustín Adúriz-Bravo<br><small>UBA, Buenos Aires, Argentina</small></p>



<p><em>Título del curso a confirmar</em></p>



<p><strong>Profesoras:</strong> Dra. Ileana Greca y Dra. Irene Arriasecq<br><small>Universidad de Burgos, España || UNICEN, Tandil, Argentina</small></p>



<p><em>Título del curso a confirmar</em></p>



<p><strong>Profesora:</strong> Dra. Laura Buteler<br><small>UNC, Córdoba, Argentina</small></p>



<p><em>Título del curso a confirmar</em></p>



<p><strong>Profesoras:</strong> Dra. Marta Massa, Mg. Claudia Romagnoli y Prof. Viviana Sebben<br><small>UNR, Rosario, Argentina. Programa GLOBE/NASA</small></p>



<p><em>Título del curso a confirmar</em></p>

<p>El Workshop se desarrollará en Cursos de 8 horas presenciales. Cada participante se podrá inscribir a dos Cursos como máximo: uno el día lunes 28 de septiembre y el otro el día martes 29 de septiembre. Para la aprobación de estos cursos, los profesores solicitarán alguna actividad de síntesis. Quienes aprueben dos cursos recibirán un&hellip;&nbsp;</p>
