{"id":2,"date":"2013-11-06T11:55:36","date_gmt":"2013-11-06T11:55:36","guid":{"rendered":"http:\/\/apfa.org.ar\/sief18\/?page_id=2"},"modified":"2026-04-24T11:42:21","modified_gmt":"2026-04-24T14:42:21","slug":"pagina-ejemplo","status":"publish","type":"page","link":"https:\/\/apfa.org.ar\/sief18\/","title":{"rendered":"Inicio"},"content":{"rendered":"\n<h2 class=\"wp-block-heading\"><strong>SIEF 18 \u2013 18\u00b0 SIMPOSIO DE INVESTIGACI\u00d3N EN EDUCACI\u00d3N EN F\u00cdSICA<\/strong><\/h2>\n\n\n\n<p>28 de septiembre al 2 de octubre de 2026 \u2013 Rosario, Argentina<\/p>\n\n\n\n<h3 class=\"wp-block-heading\"><strong>Workshop<\/strong><\/h3>\n\n\n\n<p>28 y 29 de septiembre de 2026<\/p>\n\n\n\n<h3 class=\"wp-block-heading\">Simposio<\/h3>\n\n\n\n<p>30 de septiembre al 2 de octubre de 2026<\/p>\n\n\n\n<h2 class=\"wp-block-heading\"><strong>MODALIDADES<\/strong><\/h2>\n\n\n\n<ul class=\"wp-block-list\">\n<li>SIEF ser\u00e1 presencial. Se prevee el acceso a las conferencias de manera remota (via streaming, no h\u00edbrida). Se prevee la presentaci\u00f3n de trabajos de manera h\u00edbrida.<\/li>\n\n\n\n<li>Para SIEF 18 se propone recuperar los tradicionales Workshops en modalidad \u00fanicamente presencial por la calidad del intercambio y de la formaci\u00f3n que estos aportan.<\/li>\n<\/ul>\n\n\n\n<h2 class=\"wp-block-heading\"><strong>DESCRIPCI\u00d3N<\/strong><\/h2>\n\n\n\n<p>El Simposio de Investigaci\u00f3n en Educaci\u00f3n en F\u00edsica (SIEF), promovido por la Asociaci\u00f3n de Profesores de F\u00edsica de la Argentina (APFA) desde 1992, se organizar\u00e1 desde la Universidad Nacional de Rosario. SIEF busca ofrecer un \u00e1mbito de debate y reflexi\u00f3n sobre la educaci\u00f3n en f\u00edsica y la did\u00e1ctica de las ciencias naturales como campo de investigaci\u00f3n. El Workshop facilitar\u00e1 la transferencia de resultados de investigaci\u00f3n a las aulas y la difusi\u00f3n de nuevas metodolog\u00edas de investigaci\u00f3n.<\/p>\n\n\n\n<p>En un contexto institucional y socioeducativo desafiante, la organizaci\u00f3n de SIEF 18 en la ciudad de Rosario se propone como una oportunidad para fortalecer y proyectar la comunidad de investigaci\u00f3n en educaci\u00f3n en f\u00edsica. El Simposio buscar\u00e1 dar respuesta al crecimiento del campo de la did\u00e1ctica de las ciencias, promoviendo la participaci\u00f3n de investigadores en formaci\u00f3n y consolidando espacios de di\u00e1logo interdisciplinario con otros campos del conocimiento. Asimismo, se propone abordar cr\u00edticamente los desaf\u00edos contempor\u00e1neos de la educaci\u00f3n cient\u00edfica, en particular aquellos vinculados a los cambios tecnol\u00f3gicos y sus implicancias \u00e9ticas, sociopol\u00edticas y ambientales, reafirmando el compromiso con una educaci\u00f3n cient\u00edfica inclusiva, democr\u00e1tica y socialmente comprometida.<\/p>\n\n\n<div class=\"wp-block-image\">\n<figure class=\"aligncenter size-full is-resized\"><img loading=\"lazy\" decoding=\"async\" width=\"1791\" height=\"1791\" src=\"https:\/\/apfa.org.ar\/sief18\/wp-content\/uploads\/2026\/04\/logo_SIEF18_v3.0_Fondo_blanco.png\" alt=\"\" class=\"wp-image-117\" style=\"width:465px;height:auto\" srcset=\"https:\/\/apfa.org.ar\/sief18\/wp-content\/uploads\/2026\/04\/logo_SIEF18_v3.0_Fondo_blanco.png 1791w, https:\/\/apfa.org.ar\/sief18\/wp-content\/uploads\/2026\/04\/logo_SIEF18_v3.0_Fondo_blanco-300x300.png 300w, https:\/\/apfa.org.ar\/sief18\/wp-content\/uploads\/2026\/04\/logo_SIEF18_v3.0_Fondo_blanco-1024x1024.png 1024w, https:\/\/apfa.org.ar\/sief18\/wp-content\/uploads\/2026\/04\/logo_SIEF18_v3.0_Fondo_blanco-150x150.png 150w, https:\/\/apfa.org.ar\/sief18\/wp-content\/uploads\/2026\/04\/logo_SIEF18_v3.0_Fondo_blanco-768x768.png 768w, https:\/\/apfa.org.ar\/sief18\/wp-content\/uploads\/2026\/04\/logo_SIEF18_v3.0_Fondo_blanco-1536x1536.png 1536w\" sizes=\"auto, (max-width: 1791px) 100vw, 1791px\" \/><\/figure>\n<\/div>\n\n\n<h2 class=\"wp-block-heading\">SEDES<\/h2>\n\n\n\n<p>Facultad de Ciencias Exactas, Ingenier\u00eda y Agrimensura \u2013 Universidad Nacional de Rosario.<\/p>\n\n\n\n<p>Instituto Polit\u00e9cnico Superior \u00abGeneral San Mart\u00edn\u00bb \u2013 Universidad Nacional de Rosario.<\/p>\n\n\n\n<iframe src=\"https:\/\/www.google.com\/maps\/embed?pb=!1m18!1m12!1m3!1d693.2911254329752!2d-60.628556090489646!3d-32.958929148105526!2m3!1f0!2f0!3f0!3m2!1i1024!2i768!4f13.1!3m3!1m2!1s0x95b7ab0025fb96ad%3A0x4e711d8cd7e88734!2sFacultad%20de%20Ciencias%20Exactas%2C%20Ingenier%C3%ADa%20y%20Agrimensura!5e1!3m2!1ses!2sar!4v1765665879087!5m2!1ses!2sar\" width=\"600\" height=\"450\" style=\"border:0;\" allowfullscreen=\"\" loading=\"lazy\" referrerpolicy=\"no-referrer-when-downgrade\"><\/iframe>\n\n\n\n<p><\/p>\n\n\n\n<h2 class=\"wp-block-heading\">ORGANIZAN<\/h2>\n\n\n\n<figure class=\"wp-block-image size-large\"><a href=\"https:\/\/apfa.org.ar\/sief18\/wp-content\/uploads\/2026\/04\/Organizadores-SIEF-1.png\"><img loading=\"lazy\" decoding=\"async\" width=\"1024\" height=\"242\" src=\"https:\/\/apfa.org.ar\/sief18\/wp-content\/uploads\/2026\/04\/Organizadores-SIEF-1-1024x242.png\" alt=\"\" class=\"wp-image-161\" srcset=\"https:\/\/apfa.org.ar\/sief18\/wp-content\/uploads\/2026\/04\/Organizadores-SIEF-1-1024x242.png 1024w, https:\/\/apfa.org.ar\/sief18\/wp-content\/uploads\/2026\/04\/Organizadores-SIEF-1-300x71.png 300w, https:\/\/apfa.org.ar\/sief18\/wp-content\/uploads\/2026\/04\/Organizadores-SIEF-1-768x181.png 768w, https:\/\/apfa.org.ar\/sief18\/wp-content\/uploads\/2026\/04\/Organizadores-SIEF-1.png 1325w\" sizes=\"auto, (max-width: 1024px) 100vw, 1024px\" \/><\/a><\/figure>\n\n\n\n<p><\/p>\n","protected":false},"excerpt":{"rendered":"<p>SIEF 18 \u2013 18\u00b0 SIMPOSIO DE INVESTIGACI\u00d3N EN EDUCACI\u00d3N EN F\u00cdSICA 28 de septiembre al 2 de octubre de 2026 \u2013 Rosario, Argentina Workshop 28 y 29 de septiembre de 2026 Simposio 30 de septiembre al 2 de octubre de 2026 MODALIDADES DESCRIPCI\u00d3N El Simposio de Investigaci\u00f3n en Educaci\u00f3n en F\u00edsica (SIEF), promovido por la&hellip;&nbsp;<\/p>\n","protected":false},"author":2,"featured_media":42,"parent":0,"menu_order":0,"comment_status":"closed","ping_status":"open","template":"","meta":{"neve_meta_sidebar":"","neve_meta_container":"","neve_meta_enable_content_width":"","neve_meta_content_width":0,"neve_meta_title_alignment":"","neve_meta_author_avatar":"","neve_post_elements_order":"","neve_meta_disable_header":"","neve_meta_disable_footer":"","neve_meta_disable_title":"","footnotes":""},"class_list":["post-2","page","type-page","status-publish","has-post-thumbnail","hentry"],"jetpack_sharing_enabled":true,"_links":{"self":[{"href":"https:\/\/apfa.org.ar\/sief18\/wp-json\/wp\/v2\/pages\/2","targetHints":{"allow":["GET"]}}],"collection":[{"href":"https:\/\/apfa.org.ar\/sief18\/wp-json\/wp\/v2\/pages"}],"about":[{"href":"https:\/\/apfa.org.ar\/sief18\/wp-json\/wp\/v2\/types\/page"}],"author":[{"embeddable":true,"href":"https:\/\/apfa.org.ar\/sief18\/wp-json\/wp\/v2\/users\/2"}],"replies":[{"embeddable":true,"href":"https:\/\/apfa.org.ar\/sief18\/wp-json\/wp\/v2\/comments?post=2"}],"version-history":[{"count":12,"href":"https:\/\/apfa.org.ar\/sief18\/wp-json\/wp\/v2\/pages\/2\/revisions"}],"predecessor-version":[{"id":179,"href":"https:\/\/apfa.org.ar\/sief18\/wp-json\/wp\/v2\/pages\/2\/revisions\/179"}],"wp:featuredmedia":[{"embeddable":true,"href":"https:\/\/apfa.org.ar\/sief18\/wp-json\/wp\/v2\/media\/42"}],"wp:attachment":[{"href":"https:\/\/apfa.org.ar\/sief18\/wp-json\/wp\/v2\/media?parent=2"}],"curies":[{"name":"wp","href":"https:\/\/api.w.org\/{rel}","templated":true}]}}

<h2 class="wp-block-heading"><strong>SIEF 18 – 18° SIMPOSIO DE INVESTIGACIÓN EN EDUCACIÓN EN FÍSICA</strong></h2>



<p>28 de septiembre al 2 de octubre de 2026 – Rosario, Argentina</p>



<h3 class="wp-block-heading"><strong>Workshop</strong></h3>



<p>28 y 29 de septiembre de 2026</p>



<h3 class="wp-block-heading">Simposio</h3>



<p>30 de septiembre al 2 de octubre de 2026</p>



<h2 class="wp-block-heading"><strong>MODALIDADES</strong></h2>



<ul class="wp-block-list">
<li>SIEF será presencial. Se prevee el acceso a las conferencias de manera remota (via streaming, no híbrida). Se prevee la presentación de trabajos de manera híbrida.</li>



<li>Para SIEF 18 se propone recuperar los tradicionales Workshops en modalidad únicamente presencial por la calidad del intercambio y de la formación que estos aportan.</li>
</ul>



<h2 class="wp-block-heading"><strong>DESCRIPCIÓN</strong></h2>



<p>El Simposio de Investigación en Educación en Física (SIEF), promovido por la Asociación de Profesores de Física de la Argentina (APFA) desde 1992, se organizará desde la Universidad Nacional de Rosario. SIEF busca ofrecer un ámbito de debate y reflexión sobre la educación en física y la didáctica de las ciencias naturales como campo de investigación. El Workshop facilitará la transferencia de resultados de investigación a las aulas y la difusión de nuevas metodologías de investigación.</p>



<p>En un contexto institucional y socioeducativo desafiante, la organización de SIEF 18 en la ciudad de Rosario se propone como una oportunidad para fortalecer y proyectar la comunidad de investigación en educación en física. El Simposio buscará dar respuesta al crecimiento del campo de la didáctica de las ciencias, promoviendo la participación de investigadores en formación y consolidando espacios de diálogo interdisciplinario con otros campos del conocimiento. Asimismo, se propone abordar críticamente los desafíos contemporáneos de la educación científica, en particular aquellos vinculados a los cambios tecnológicos y sus implicancias éticas, sociopolíticas y ambientales, reafirmando el compromiso con una educación científica inclusiva, democrática y socialmente comprometida.</p>


<div class="wp-block-image">
<figure class="aligncenter size-full is-resized"><img loading="lazy" decoding="async" width="1791" height="1791" src="https://apfa.org.ar/sief18/wp-content/uploads/2026/04/logo_SIEF18_v3.0_Fondo_blanco.png" alt="" class="wp-image-117" style="width:465px;height:auto" srcset="https://apfa.org.ar/sief18/wp-content/uploads/2026/04/logo_SIEF18_v3.0_Fondo_blanco.png 1791w, https://apfa.org.ar/sief18/wp-content/uploads/2026/04/logo_SIEF18_v3.0_Fondo_blanco-300x300.png 300w, https://apfa.org.ar/sief18/wp-content/uploads/2026/04/logo_SIEF18_v3.0_Fondo_blanco-1024x1024.png 1024w, https://apfa.org.ar/sief18/wp-content/uploads/2026/04/logo_SIEF18_v3.0_Fondo_blanco-150x150.png 150w, https://apfa.org.ar/sief18/wp-content/uploads/2026/04/logo_SIEF18_v3.0_Fondo_blanco-768x768.png 768w, https://apfa.org.ar/sief18/wp-content/uploads/2026/04/logo_SIEF18_v3.0_Fondo_blanco-1536x1536.png 1536w" sizes="auto, (max-width: 1791px) 100vw, 1791px" /></figure>
</div>


<h2 class="wp-block-heading">SEDES</h2>



<p>Facultad de Ciencias Exactas, Ingeniería y Agrimensura – Universidad Nacional de Rosario.</p>



<p>Instituto Politécnico Superior «General San Martín» – Universidad Nacional de Rosario.</p>



<iframe src="https://www.google.com/maps/embed?pb=!1m18!1m12!1m3!1d693.2911254329752!2d-60.628556090489646!3d-32.958929148105526!2m3!1f0!2f0!3f0!3m2!1i1024!2i768!4f13.1!3m3!1m2!1s0x95b7ab0025fb96ad%3A0x4e711d8cd7e88734!2sFacultad%20de%20Ciencias%20Exactas%2C%20Ingenier%C3%ADa%20y%20Agrimensura!5e1!3m2!1ses!2sar!4v1765665879087!5m2!1ses!2sar" width="600" height="450" style="border:0;" allowfullscreen="" loading="lazy" referrerpolicy="no-referrer-when-downgrade"></iframe>



<p></p>



<h2 class="wp-block-heading">ORGANIZAN</h2>



<figure class="wp-block-image size-large"><a href="https://apfa.org.ar/sief18/wp-content/uploads/2026/04/Organizadores-SIEF-1.png"><img loading="lazy" decoding="async" width="1024" height="242" src="https://apfa.org.ar/sief18/wp-content/uploads/2026/04/Organizadores-SIEF-1-1024x242.png" alt="" class="wp-image-161" srcset="https://apfa.org.ar/sief18/wp-content/uploads/2026/04/Organizadores-SIEF-1-1024x242.png 1024w, https://apfa.org.ar/sief18/wp-content/uploads/2026/04/Organizadores-SIEF-1-300x71.png 300w, https://apfa.org.ar/sief18/wp-content/uploads/2026/04/Organizadores-SIEF-1-768x181.png 768w, https://apfa.org.ar/sief18/wp-content/uploads/2026/04/Organizadores-SIEF-1.png 1325w" sizes="auto, (max-width: 1024px) 100vw, 1024px" /></a></figure>



<p></p>

<p>SIEF 18 – 18° SIMPOSIO DE INVESTIGACIÓN EN EDUCACIÓN EN FÍSICA 28 de septiembre al 2 de octubre de 2026 – Rosario, Argentina Workshop 28 y 29 de septiembre de 2026 Simposio 30 de septiembre al 2 de octubre de 2026 MODALIDADES DESCRIPCIÓN El Simposio de Investigación en Educación en Física (SIEF), promovido por la&hellip;&nbsp;</p>
