{"id":28,"date":"2025-12-13T22:39:45","date_gmt":"2025-12-14T01:39:45","guid":{"rendered":"https:\/\/apfa.org.ar\/sief18\/?page_id=28"},"modified":"2026-04-10T11:31:22","modified_gmt":"2026-04-10T14:31:22","slug":"trabajos","status":"publish","type":"page","link":"https:\/\/apfa.org.ar\/sief18\/trabajos\/","title":{"rendered":"Trabajos"},"content":{"rendered":"\n<h2 class=\"wp-block-heading\"><strong>Tipos de trabajos:<\/strong><\/h2>\n\n\n\n<p><strong><em>Trabajos de investigaci\u00f3n en educaci\u00f3n en ciencias<\/em><\/strong>: Elaboraci\u00f3n y\/o implementaci\u00f3n de encuestas y\/o entrevistas; an\u00e1lisis de interacciones discursivas, an\u00e1lisis de documentos, an\u00e1lisis de libros de texto, implementaci\u00f3n y\/o evaluaci\u00f3n de propuestas did\u00e1cticas, entre otros.<\/p>\n\n\n\n<p><strong><em>Transferencia de resultados de investigaci\u00f3n en educaci\u00f3n en ciencias<\/em><\/strong>: Producci\u00f3n de material did\u00e1ctico: propuestas did\u00e1cticas, software, videos, entre otros. En todos los casos anteriores, las producciones deben ser basadas en resultados de investigaci\u00f3n.<\/p>\n\n\n\n<p><strong><em>Reflexiones te\u00f3ricamente fundadas<\/em><\/strong>: Discusiones cr\u00edticas de pr\u00e1cticas escolares y\/o marcos metodol\u00f3gicos\/te\u00f3ricos para la educaci\u00f3n en ciencias.<\/p>\n\n\n\n<h2 class=\"wp-block-heading\"><strong>Ejes:<\/strong><\/h2>\n\n\n\n<p>Los trabajos deben responder a alguno de los&nbsp;<a href=\"https:\/\/apfa.org.ar\/sief18\/ejes\/\">ejes propuestos<\/a>&nbsp;para SIEF.<\/p>\n\n\n\n<h2 class=\"wp-block-heading\"><strong>Defensa:<\/strong><\/h2>\n\n\n\n<p>Los trabajos estar\u00e1n disponibles 15 d\u00edas antes del inicio de SIEF, ser\u00e1n discutidos en sesiones orales sincr\u00f3nicas y contaran con un foro moderado para complementar la discusi\u00f3n sobre los mismos. El env\u00edo de un trabajo implica el compromiso a su presentaci\u00f3n en SIEF.<\/p>\n\n\n\n<h2 class=\"wp-block-heading\"><strong>Env\u00edo:<\/strong><\/h2>\n\n\n\n<p>Para realizar el env\u00edo de un trabajo es necesario que al menos uno de los autores haya pagado la inscripci\u00f3n a SIEF. El formulario de env\u00edo est\u00e1 disponible en el siguiente enlace:<\/p>\n\n\n\n<div class=\"wp-block-buttons alignwide is-content-justification-center is-layout-flex wp-container-core-buttons-is-layout-16018d1d wp-block-buttons-is-layout-flex\">\n<div class=\"wp-block-button is-style-primary\"><a class=\"wp-block-button__link wp-element-button\" href=\"https:\/\/docs.google.com\/forms\/d\/e\/1FAIpQLSfeBQqx1GFXaafHWoJzzqbR4d_lojwx2FpNAq3V2DZ6RiGxpA\/viewform?usp=dialog\" style=\"border-top-left-radius:16px;border-top-right-radius:16px;border-bottom-left-radius:16px;border-bottom-right-radius:16px\" target=\"_blank\" rel=\"noreferrer noopener\">&#x2709;&#xfe0f; Formulario de env\u00edo de trabajos<\/a><\/div>\n<\/div>\n\n\n\n<h2 class=\"wp-block-heading\"><strong>Fecha L\u00edmite:<\/strong><\/h2>\n\n\n\n<p>Los trabajos ser\u00e1n recibidos hasta el&nbsp;<strong>27 de julio<\/strong>&nbsp;a las 23.59 (GMT-3).<\/p>\n\n\n\n<h2 class=\"wp-block-heading\"><strong>Normas de formato:<\/strong><\/h2>\n\n\n\n<p>Las normas de formato ser\u00e1n las de la Revista de Ense\u00f1anza de la F\u00edsica de la APFA con una extensi\u00f3n m\u00e1xima de 8 p\u00e1ginas incluyendo resumen, bibliograf\u00eda, tablas y figuras. Deben seguirse las indicaciones y usar template disponible a continuaci\u00f3n:<\/p>\n\n\n\n<div class=\"wp-block-buttons is-content-justification-center is-layout-flex wp-container-core-buttons-is-layout-07f6699d wp-block-buttons-is-layout-flex\" style=\"border-style:none;border-width:0px;padding-top:0;padding-right:0;padding-bottom:0;padding-left:0\">\n<div class=\"wp-block-button is-style-primary\"><a class=\"wp-block-button__link has-text-align-center wp-element-button\" href=\"https:\/\/apfa.org.ar\/sief18\/wp-content\/uploads\/2025\/12\/Template_Trabajos_SIEF18_2026.doc\" style=\"border-top-left-radius:15px;border-top-right-radius:15px;border-bottom-left-radius:15px;border-bottom-right-radius:15px\">&#x1f4dd; Descargar plantilla para la confecci\u00f3n de trabajos<\/a><\/div>\n<\/div>\n\n\n\n<h2 class=\"wp-block-heading\"><strong>Publicaci\u00f3n<\/strong>:<\/h2>\n\n\n\n<p>Los trabajos aceptados y defendidos en las sesiones de discusi\u00f3n ser\u00e1n publicados en un n\u00famero extra de la&nbsp;<a href=\"https:\/\/revistas.unc.edu.ar\/index.php\/revistaEF\" target=\"_blank\" rel=\"noreferrer noopener\">Revista de Ense\u00f1anza de la F\u00edsica de APFA<\/a>.<\/p>\n\n\n\n<p><\/p>\n","protected":false},"excerpt":{"rendered":"<p>Tipos de trabajos: Trabajos de investigaci\u00f3n en educaci\u00f3n en ciencias: Elaboraci\u00f3n y\/o implementaci\u00f3n de encuestas y\/o entrevistas; an\u00e1lisis de interacciones discursivas, an\u00e1lisis de documentos, an\u00e1lisis de libros de texto, implementaci\u00f3n y\/o evaluaci\u00f3n de propuestas did\u00e1cticas, entre otros. Transferencia de resultados de investigaci\u00f3n en educaci\u00f3n en ciencias: Producci\u00f3n de material did\u00e1ctico: propuestas did\u00e1cticas, software, videos, entre&hellip;&nbsp;<\/p>\n","protected":false},"author":2,"featured_media":42,"parent":0,"menu_order":0,"comment_status":"closed","ping_status":"closed","template":"","meta":{"neve_meta_sidebar":"","neve_meta_container":"","neve_meta_enable_content_width":"","neve_meta_content_width":0,"neve_meta_title_alignment":"","neve_meta_author_avatar":"","neve_post_elements_order":"","neve_meta_disable_header":"","neve_meta_disable_footer":"","neve_meta_disable_title":"","footnotes":""},"class_list":["post-28","page","type-page","status-publish","has-post-thumbnail","hentry"],"jetpack_sharing_enabled":true,"_links":{"self":[{"href":"https:\/\/apfa.org.ar\/sief18\/wp-json\/wp\/v2\/pages\/28","targetHints":{"allow":["GET"]}}],"collection":[{"href":"https:\/\/apfa.org.ar\/sief18\/wp-json\/wp\/v2\/pages"}],"about":[{"href":"https:\/\/apfa.org.ar\/sief18\/wp-json\/wp\/v2\/types\/page"}],"author":[{"embeddable":true,"href":"https:\/\/apfa.org.ar\/sief18\/wp-json\/wp\/v2\/users\/2"}],"replies":[{"embeddable":true,"href":"https:\/\/apfa.org.ar\/sief18\/wp-json\/wp\/v2\/comments?post=28"}],"version-history":[{"count":8,"href":"https:\/\/apfa.org.ar\/sief18\/wp-json\/wp\/v2\/pages\/28\/revisions"}],"predecessor-version":[{"id":165,"href":"https:\/\/apfa.org.ar\/sief18\/wp-json\/wp\/v2\/pages\/28\/revisions\/165"}],"wp:featuredmedia":[{"embeddable":true,"href":"https:\/\/apfa.org.ar\/sief18\/wp-json\/wp\/v2\/media\/42"}],"wp:attachment":[{"href":"https:\/\/apfa.org.ar\/sief18\/wp-json\/wp\/v2\/media?parent=28"}],"curies":[{"name":"wp","href":"https:\/\/api.w.org\/{rel}","templated":true}]}}