{"id":56,"date":"2025-12-23T14:22:14","date_gmt":"2025-12-23T17:22:14","guid":{"rendered":"https:\/\/apfa.org.ar\/sief18\/?page_id=56"},"modified":"2026-04-10T11:34:29","modified_gmt":"2026-04-10T14:34:29","slug":"inscripciones","status":"publish","type":"page","link":"https:\/\/apfa.org.ar\/sief18\/inscripciones\/","title":{"rendered":"Inscripciones"},"content":{"rendered":"\n<p>Las inscripciones a SIEF se habilitar\u00e1n a partir de abril del 2026.<\/p>\n\n\n\n<p>Los participantes podr\u00e1n optar por inscribirse solo al Workshop, solo a SIEF o, a un precio promocional, a ambas instancias (Workshop+SIEF).<\/p>\n\n\n\n<h3 class=\"wp-block-heading\">Costos:<\/h3>\n\n\n\n<ul class=\"wp-block-list\">\n<li><strong>Hasta el 4 de Julio de 2026<\/strong><\/li>\n<\/ul>\n\n\n\n<figure class=\"wp-block-table is-style-stripes\"><table class=\"has-fixed-layout\"><thead><tr><th><\/th><th class=\"has-text-align-center\" data-align=\"center\">Workshop<\/th><th class=\"has-text-align-center\" data-align=\"center\">SIEF<\/th><th class=\"has-text-align-center\" data-align=\"center\">Workshop+SIEF<\/th><\/tr><\/thead><tbody><tr><td>Socios*<\/td><td class=\"has-text-align-center\" data-align=\"center\">$30000<\/td><td class=\"has-text-align-center\" data-align=\"center\">$50000<\/td><td class=\"has-text-align-center\" data-align=\"center\">$70000<\/td><\/tr><tr><td>No socios<\/td><td class=\"has-text-align-center\" data-align=\"center\">$40000<\/td><td class=\"has-text-align-center\" data-align=\"center\">$100000<\/td><td class=\"has-text-align-center\" data-align=\"center\">$130000<\/td><\/tr><tr><td>Estudiantes socios*<\/td><td class=\"has-text-align-center\" data-align=\"center\">$15000<\/td><td class=\"has-text-align-center\" data-align=\"center\">$25000<\/td><td class=\"has-text-align-center\" data-align=\"center\">$35000<\/td><\/tr><tr><td>Estudiantes no socios<\/td><td class=\"has-text-align-center\" data-align=\"center\">$20000<\/td><td class=\"has-text-align-center\" data-align=\"center\">$50000<\/td><td class=\"has-text-align-center\" data-align=\"center\">$65000<\/td><\/tr><tr><td colspan=\"2\">Extranjeros virtual**<\/td><td class=\"has-text-align-center\" data-align=\"center\">u$s 80<\/td><td class=\"has-text-align-center\" data-align=\"center\"><\/td><\/tr><\/tbody><\/table><\/figure>\n\n\n\n<p>* <em>Socios de APFA y de instituciones con convenio: AFA, ADBIA, ADEQRA y APFU<\/em>.<\/p>\n\n\n\n<p>** <em>Tarifa v\u00e1lida \u00fanicamente para no residentes en Argentina que deseen atender a SIEF de forma remota. No residentes en Argentina que deseen atender presencialmente a cualquiera de las actividades deber\u00e1n efectuar el pago en efectivo al momento de acreditarse al evento.<\/em><\/p>\n\n\n\n<details class=\"wp-block-details is-layout-flow wp-block-details-is-layout-flow\"><summary><strong>Desde el 5 de Julio hasta el 3 de agosto de 2026<\/strong><\/summary>\n<figure class=\"wp-block-table is-style-stripes\"><table class=\"has-fixed-layout\"><thead><tr><th><\/th><th class=\"has-text-align-center\" data-align=\"center\">Workshop<\/th><th class=\"has-text-align-center\" data-align=\"center\">SIEF<\/th><th class=\"has-text-align-center\" data-align=\"center\">Workshop+SIEF<\/th><\/tr><\/thead><tbody><tr><td>Socios*<\/td><td class=\"has-text-align-center\" data-align=\"center\">$35000<\/td><td class=\"has-text-align-center\" data-align=\"center\">$55000<\/td><td class=\"has-text-align-center\" data-align=\"center\">$80000<\/td><\/tr><tr><td>No socios<\/td><td class=\"has-text-align-center\" data-align=\"center\">$45000<\/td><td class=\"has-text-align-center\" data-align=\"center\">$105000<\/td><td class=\"has-text-align-center\" data-align=\"center\">$140000<\/td><\/tr><tr><td>Estudiantes socios*<\/td><td class=\"has-text-align-center\" data-align=\"center\">$20000<\/td><td class=\"has-text-align-center\" data-align=\"center\">$30000<\/td><td class=\"has-text-align-center\" data-align=\"center\">$45000<\/td><\/tr><tr><td>Estudiantes no socios<\/td><td class=\"has-text-align-center\" data-align=\"center\">$25000<\/td><td class=\"has-text-align-center\" data-align=\"center\">$55000<\/td><td class=\"has-text-align-center\" data-align=\"center\">$75000<\/td><\/tr><tr><td colspan=\"2\">Extranjeros virtual**<\/td><td class=\"has-text-align-center\" data-align=\"center\">u$s 90<\/td><td class=\"has-text-align-center\" data-align=\"center\"><\/td><\/tr><\/tbody><\/table><\/figure>\n\n\n\n<p>* <em>Socios de APFA y de instituciones con convenio: AFA, ADBIA, ADEQRA y APFU<\/em>.<\/p>\n\n\n\n<p>** <em>Tarifa v\u00e1lida \u00fanicamente para no residentes en Argentina que deseen atender a SIEF de forma remota. No residentes en Argentina que deseen atender presencialmente a cualquiera de las actividades deber\u00e1n efectuar el pago en efectivo al momento de acreditarse al evento.<\/em><\/p>\n<\/details>\n\n\n\n<details class=\"wp-block-details is-layout-flow wp-block-details-is-layout-flow\"><summary><strong>Desde el 4 de agosto de 2026<\/strong><\/summary>\n<figure class=\"wp-block-table is-style-stripes\"><table class=\"has-fixed-layout\"><thead><tr><th><\/th><th class=\"has-text-align-center\" data-align=\"center\">Workshop<\/th><th class=\"has-text-align-center\" data-align=\"center\">SIEF<\/th><th class=\"has-text-align-center\" data-align=\"center\">Workshop+SIEF<\/th><\/tr><\/thead><tbody><tr><td>Socios*<\/td><td class=\"has-text-align-center\" data-align=\"center\">$40000<\/td><td class=\"has-text-align-center\" data-align=\"center\">$60000<\/td><td class=\"has-text-align-center\" data-align=\"center\">$90000<\/td><\/tr><tr><td>No socios<\/td><td class=\"has-text-align-center\" data-align=\"center\">$50000<\/td><td class=\"has-text-align-center\" data-align=\"center\">$110000<\/td><td class=\"has-text-align-center\" data-align=\"center\">$150000<\/td><\/tr><tr><td>Estudiantes socios*<\/td><td class=\"has-text-align-center\" data-align=\"center\">$25000<\/td><td class=\"has-text-align-center\" data-align=\"center\">$35000<\/td><td class=\"has-text-align-center\" data-align=\"center\">$55000<\/td><\/tr><tr><td>Estudiantes no socios<\/td><td class=\"has-text-align-center\" data-align=\"center\">$30000<\/td><td class=\"has-text-align-center\" data-align=\"center\">$60000<\/td><td class=\"has-text-align-center\" data-align=\"center\">$85000<\/td><\/tr><tr><td colspan=\"2\">Extranjero virtual**<\/td><td class=\"has-text-align-center\" data-align=\"center\">u$s 100<\/td><td class=\"has-text-align-center\" data-align=\"center\"><\/td><\/tr><\/tbody><\/table><\/figure>\n\n\n\n<p>* <em>Socios de APFA y de instituciones con convenio: AFA, ADBIA, ADEQRA y APFU<\/em>.<\/p>\n\n\n\n<p>** <em>Tarifa v\u00e1lida \u00fanicamente para no residentes en Argentina que deseen atender a SIEF de forma remota. No residentes en Argentina que deseen atender presencialmente a cualquiera de las actividades deber\u00e1n efectuar el pago al momento de acreditarse al evento.<\/em><\/p>\n<\/details>\n\n\n\n<p><\/p>\n\n\n\n<h2 class=\"wp-block-heading\">Formulario de inscripci\u00f3n<\/h2>\n\n\n\n<p>En el mismo formulario de inscripci\u00f3n encontrar\u00e1s los datos bancarios para realizar el pago.<\/p>\n\n\n\n<p><strong>IMPORTANTE:<\/strong> Dado que los pagos son procesados por la Fundaci\u00f3n Facultad de Ingenier\u00eda de Rosario, es imprescindible completar el formulario de inscripci\u00f3n para garantizar que el mismo quede en nuestros registros.<\/p>\n\n\n\n<div class=\"wp-block-buttons is-content-justification-center is-layout-flex wp-container-core-buttons-is-layout-16018d1d wp-block-buttons-is-layout-flex\">\n<div class=\"wp-block-button is-style-primary\"><a class=\"wp-block-button__link wp-element-button\" href=\"https:\/\/docs.google.com\/forms\/d\/e\/1FAIpQLSdE1d9bh8rMNnmF1iiPEM4TrdMydImLEP4NLfJqwWZ9-Mts3Q\/viewform?usp=dialog\" style=\"border-top-left-radius:10px;border-top-right-radius:10px;border-bottom-left-radius:10px;border-bottom-right-radius:10px\" target=\"_blank\" rel=\"noreferrer noopener\">&#x1f4cb; Acceder al formulario de inscripci\u00f3n<\/a><\/div>\n<\/div>\n\n\n\n<p><\/p>\n","protected":false},"excerpt":{"rendered":"<p>Las inscripciones a SIEF se habilitar\u00e1n a partir de abril del 2026. Los participantes podr\u00e1n optar por inscribirse solo al Workshop, solo a SIEF o, a un precio promocional, a ambas instancias (Workshop+SIEF). Costos: Workshop SIEF Workshop+SIEF Socios* $30000 $50000 $70000 No socios $40000 $100000 $130000 Estudiantes socios* $15000 $25000 $35000 Estudiantes no socios $20000&hellip;&nbsp;<\/p>\n","protected":false},"author":2,"featured_media":42,"parent":0,"menu_order":0,"comment_status":"closed","ping_status":"closed","template":"","meta":{"neve_meta_sidebar":"","neve_meta_container":"","neve_meta_enable_content_width":"","neve_meta_content_width":0,"neve_meta_title_alignment":"","neve_meta_author_avatar":"","neve_post_elements_order":"","neve_meta_disable_header":"","neve_meta_disable_footer":"","neve_meta_disable_title":"","footnotes":""},"class_list":["post-56","page","type-page","status-publish","has-post-thumbnail","hentry"],"jetpack_sharing_enabled":true,"_links":{"self":[{"href":"https:\/\/apfa.org.ar\/sief18\/wp-json\/wp\/v2\/pages\/56","targetHints":{"allow":["GET"]}}],"collection":[{"href":"https:\/\/apfa.org.ar\/sief18\/wp-json\/wp\/v2\/pages"}],"about":[{"href":"https:\/\/apfa.org.ar\/sief18\/wp-json\/wp\/v2\/types\/page"}],"author":[{"embeddable":true,"href":"https:\/\/apfa.org.ar\/sief18\/wp-json\/wp\/v2\/users\/2"}],"replies":[{"embeddable":true,"href":"https:\/\/apfa.org.ar\/sief18\/wp-json\/wp\/v2\/comments?post=56"}],"version-history":[{"count":14,"href":"https:\/\/apfa.org.ar\/sief18\/wp-json\/wp\/v2\/pages\/56\/revisions"}],"predecessor-version":[{"id":168,"href":"https:\/\/apfa.org.ar\/sief18\/wp-json\/wp\/v2\/pages\/56\/revisions\/168"}],"wp:featuredmedia":[{"embeddable":true,"href":"https:\/\/apfa.org.ar\/sief18\/wp-json\/wp\/v2\/media\/42"}],"wp:attachment":[{"href":"https:\/\/apfa.org.ar\/sief18\/wp-json\/wp\/v2\/media?parent=56"}],"curies":[{"name":"wp","href":"https:\/\/api.w.org\/{rel}","templated":true}]}}