{"id":338,"date":"2021-03-16T14:36:56","date_gmt":"2021-03-16T17:36:56","guid":{"rendered":"http:\/\/apfa.org.ar\/ref22\/?page_id=338"},"modified":"2021-03-16T14:36:56","modified_gmt":"2021-03-16T17:36:56","slug":"organizacion","status":"publish","type":"page","link":"https:\/\/apfa.org.ar\/webeventos\/ref22\/organizacion\/","title":{"rendered":"Organizaci\u00f3n"},"content":{"rendered":"\n<p class=\"has-medium-font-size\"><strong>Coordinadores<\/strong><\/p>\n\n\n\n<p>Ing. Esp. Claudia B. Anriquez<br>Lic. Carlos Marcelo Ruiz<br>Prof. Analia Gabriela Travesino<br>Ing. Carlos E. Godoy<\/p>\n\n\n\n<p class=\"has-medium-font-size\"><strong>Comit\u00e9 organizador<\/strong><\/p>\n\n\n\n<p>Prof. Narela Melisa Coria<br>Prof. Juan Mart\u00edn Moyano<br>Prof. Silbina Anal\u00eda Gerez<br>Prof. Mar\u00eda Itat\u00ed Angeleri<br>Prof. Gimena Araceli Palavecino<br>Prof. Neri Leandro Paz<br>Prof. Federico Agust\u00edn Jim\u00e9nez<br>Prof. Mariana Bel\u00e9n Lemos<br>Prof. Silvia Nori Caro<br>Prof. Mariel Gil<br>Prof. Maximiliano Gast\u00f3n Leiva<br>Psicopedagoga Agostina Vidal<br>Prof. Carina Antinori<br>Prof. Cristina Acosta<br>Prof. Silvia Gonz\u00e1lez<br>Ver\u00f3nica Guadalupe Trejo<br>Marcelo Javier Ledesma<br>Mart\u00edn Ezequiel Mansilla<br>Ernesto Germ\u00e1n Zapater<br>Prof. Nahuel Moya<br>Prof. Bioq. Jorge Maeyoshimoto<br>Prof. Carlos Silva<br>Ing. Alejandra Rosolio<br>Dra. Fernanda Mellano<br>Ing. Ana Ruggeri<br>Dr . Alejandro Pinto<br>Lic. Claudia Vis\u00f1ovezki<br>Ing. Mariano Olivares<br>Prof. Martin Cascales<br>Ing. Ulises Gomez Kairahalla<br>Ing. Fabian Rios<br>Ing. Cristian Quatrini<br>Ing. Luis Palma<br>Ing. Nestor Lencina<br>Ing. Carlos Juarez<br>Ing. Marcial Corbalan<\/p>\n\n\n\n<p class=\"has-medium-font-size\"><strong>Comit\u00e9 Cient\u00edfico<\/strong><\/p>\n\n\n\n<p>Dra. Marta Pesa<br>Dr. Agust\u00edn Ad\u00fariz-Bravo<br>Dra. Kristina Zuza<br>Dr. Jenaro Guisasola<br>Dra. Marisa Michellini<br>Dr. Juan Ignacio Pozo<br>Dra. Isabel Martins<br>Dr. Ignacio Idoyaga<br>Mg. Juan Farina<br>Dra. Marta Massa<br>Dr. Jos\u00e9 yuni<br>Dra. Sonia Concari<br>Dra. Irene Arriassecq<br>Dr. Carlos Arguedas Matarrita<br>Dr. Jordi Solbes<br>Dra. Claudia Mazitelli<br>Dra. Gabriela Lorenzo<br>Dr. Juan Manuel Mart\u00ednez<br>Dra. Ileana Greca<\/p>\n","protected":false},"excerpt":{"rendered":"<p>Coordinadores Ing. Esp. Claudia B. AnriquezLic. Carlos Marcelo RuizProf. Analia Gabriela TravesinoIng. Carlos E. Godoy Comit\u00e9 organizador Prof. Narela Melisa CoriaProf. Juan Mart\u00edn MoyanoProf. Silbina Anal\u00eda GerezProf. Mar\u00eda Itat\u00ed AngeleriProf. Gimena Araceli PalavecinoProf. Neri Leandro PazProf. Federico Agust\u00edn Jim\u00e9nezProf. Mariana Bel\u00e9n LemosProf. Silvia Nori CaroProf. Mariel GilProf. Maximiliano Gast\u00f3n LeivaPsicopedagoga Agostina VidalProf. Carina AntinoriProf. Cristina &hellip; <\/p>\n","protected":false},"author":2,"featured_media":0,"parent":0,"menu_order":0,"comment_status":"closed","ping_status":"closed","template":"","meta":{"footnotes":""},"class_list":["post-338","page","type-page","status-publish","hentry"],"_links":{"self":[{"href":"https:\/\/apfa.org.ar\/webeventos\/ref22\/wp-json\/wp\/v2\/pages\/338","targetHints":{"allow":["GET"]}}],"collection":[{"href":"https:\/\/apfa.org.ar\/webeventos\/ref22\/wp-json\/wp\/v2\/pages"}],"about":[{"href":"https:\/\/apfa.org.ar\/webeventos\/ref22\/wp-json\/wp\/v2\/types\/page"}],"author":[{"embeddable":true,"href":"https:\/\/apfa.org.ar\/webeventos\/ref22\/wp-json\/wp\/v2\/users\/2"}],"replies":[{"embeddable":true,"href":"https:\/\/apfa.org.ar\/webeventos\/ref22\/wp-json\/wp\/v2\/comments?post=338"}],"version-history":[{"count":0,"href":"https:\/\/apfa.org.ar\/webeventos\/ref22\/wp-json\/wp\/v2\/pages\/338\/revisions"}],"wp:attachment":[{"href":"https:\/\/apfa.org.ar\/webeventos\/ref22\/wp-json\/wp\/v2\/media?parent=338"}],"curies":[{"name":"wp","href":"https:\/\/api.w.org\/{rel}","templated":true}]}}