{"id":131,"date":"2021-03-09T16:34:27","date_gmt":"2021-03-09T19:34:27","guid":{"rendered":"http:\/\/apfa.org.ar\/ref22\/?page_id=131"},"modified":"2021-03-09T16:34:27","modified_gmt":"2021-03-09T19:34:27","slug":"fechas","status":"publish","type":"page","link":"https:\/\/apfa.org.ar\/webeventos\/ref23\/fechas\/","title":{"rendered":"Fechas"},"content":{"rendered":"\n<p class=\"has-medium-font-size\"><strong>REFXXIII &#8211; 1 al 4 de noviembre de 2023<\/strong><\/p>\n\n\n\n<p>Inicio de la inscripci\u00f3n &#8211; 15 de junio de 2023 <\/p>\n\n\n\n<p>Fin de la inscripci\u00f3n &#8211; 25 de octubre de 2023 <\/p>\n\n\n\n<p>Inicio de la recepci\u00f3n de trabajos &#8211; 1 de julio de 2023 <\/p>\n\n\n\n<p>Fin de la recepci\u00f3n de trabajos &#8211;  18 de agosto de 2023 <\/p>\n\n\n\n<p>Comunicaci\u00f3n de aceptaci\u00f3n de trabajos &#8211; hasta el 45 d\u00edas posteriores al cierre del env\u00edo <\/p>\n\n\n\n<p>Entrega de Factura de pago &#8211; 10 d\u00edas h\u00e1biles posteriores al cierre del evento  <\/p>\n\n\n\n<p>Inicio de la inscripci\u00f3n a talleres &#8211; 9 de octubre de 2023 <\/p>\n\n\n\n<p>Fin de la inscripci\u00f3n a talleres &#8211; 25 de octubre de 2023 o hasta alcanzar el cupo<\/p>\n\n\n\n<p>Entrega de certificados de participaci\u00f3n &#8211; 1 de diciembre de 2023 <\/p>\n\n\n\n<p>Entrega de certificados de trabajos &#8211; 1 de diciembre de 2023 <\/p>\n\n\n\n<p>&#8230;<\/p>\n","protected":false},"excerpt":{"rendered":"<p>REFXXIII &#8211; 1 al 4 de noviembre de 2023 Inicio de la inscripci\u00f3n &#8211; 15 de junio de 2023 Fin de la inscripci\u00f3n &#8211; 25 de octubre de 2023 Inicio de la recepci\u00f3n de trabajos &#8211; 1 de julio de 2023 Fin de la recepci\u00f3n de trabajos &#8211; 18 de agosto de 2023 Comunicaci\u00f3n de [&hellip;]<\/p>\n","protected":false},"author":2,"featured_media":0,"parent":0,"menu_order":0,"comment_status":"closed","ping_status":"closed","template":"","meta":{"footnotes":""},"class_list":["post-131","page","type-page","status-publish","czr-hentry"],"_links":{"self":[{"href":"https:\/\/apfa.org.ar\/webeventos\/ref23\/wp-json\/wp\/v2\/pages\/131","targetHints":{"allow":["GET"]}}],"collection":[{"href":"https:\/\/apfa.org.ar\/webeventos\/ref23\/wp-json\/wp\/v2\/pages"}],"about":[{"href":"https:\/\/apfa.org.ar\/webeventos\/ref23\/wp-json\/wp\/v2\/types\/page"}],"author":[{"embeddable":true,"href":"https:\/\/apfa.org.ar\/webeventos\/ref23\/wp-json\/wp\/v2\/users\/2"}],"replies":[{"embeddable":true,"href":"https:\/\/apfa.org.ar\/webeventos\/ref23\/wp-json\/wp\/v2\/comments?post=131"}],"version-history":[{"count":0,"href":"https:\/\/apfa.org.ar\/webeventos\/ref23\/wp-json\/wp\/v2\/pages\/131\/revisions"}],"wp:attachment":[{"href":"https:\/\/apfa.org.ar\/webeventos\/ref23\/wp-json\/wp\/v2\/media?parent=131"}],"curies":[{"name":"wp","href":"https:\/\/api.w.org\/{rel}","templated":true}]}}