{"id":24,"date":"2020-02-05T20:13:51","date_gmt":"2020-02-05T20:13:51","guid":{"rendered":"https:\/\/cordobasief15.wordpress.com\/?page_id=24"},"modified":"2020-02-05T20:13:51","modified_gmt":"2020-02-05T20:13:51","slug":"organizacion","status":"publish","type":"page","link":"https:\/\/apfa.org.ar\/webeventos\/sief15\/organizacion\/","title":{"rendered":"Organizaci\u00f3n"},"content":{"rendered":"\n<h4 class=\"wp-block-heading\">Coordinadora Titular<\/h4>\n\n\n\n<p>Dra. Laura Buteler<\/p>\n\n\n\n<h4 class=\"wp-block-heading\">Coordinador Suplente<\/h4>\n\n\n\n<p>Mg. Vicente Capuano<\/p>\n\n\n\n<h4 class=\"wp-block-heading\">Comit\u00e9 Organizador<\/h4>\n\n\n\n<ul class=\"wp-block-list\"><li>Mg. Edgardo Gutierrez<\/li><li>Prof. Marcelo L\u00f3pez<\/li><li>Dr. Enrique Coleoni<\/li><li>Prof. Rafael Herrera<\/li><li>Ing. Mirta Roitman<\/li><li>Lic. Nicol\u00e1s Baudino<\/li><li>Prof. M\u00f3nica Francettic<\/li><li>Prof. Bruno Danielo<\/li><li>Dr. Juan Velasco<\/li><li>Prof. Nicol\u00e1s Velasco<\/li><li>Dr. David Merlo<\/li><li>Prof. Rosario Escobar<\/li><\/ul>\n\n\n\n<h4 class=\"wp-block-heading\">Comit\u00e9 Cient\u00edfico<\/h4>\n\n\n\n<ul class=\"wp-block-list\"><li> Dra. Silvia Stipcich<\/li><li> Dr. Diego Petrucci<\/li><li> Dra. Irene Arriasecq<\/li><li> Dra. Marta Pesa<\/li><li> Dra. Sonia Concari<\/li><li> Dr. Juan Manuel Mart\u00ednez<\/li><li> Dra. Claudia Mazzitelli<\/li><li> Dr. Marco Antonio Moreira<\/li><li> Dra. Marta Massa<\/li><li> Dr. Agust\u00edn Ad\u00fariz Bravo<\/li><\/ul>\n\n\n\n<h4 class=\"wp-block-heading\">Instituciones Participantes<\/h4>\n\n\n\n<ul class=\"wp-block-list\"><li>Asociaci\u00f3n de Profesores de F\u00edsica Argentina<\/li><li>Facultad de Matem\u00e1tica, Astronom\u00eda, F\u00edsica y Computaci\u00f3n &#8211; UNC<\/li><li>Facultad de Ciencias Exactas, F\u00edsicas y Naturales &#8211; UNC<\/li><li>Instituto de Ense\u00f1anza Superior Sim\u00f3n Bol\u00edvar<\/li><\/ul>\n\n\n\n<h4 class=\"wp-block-heading\">Auspician<\/h4>\n\n\n\n<p><img loading=\"lazy\" decoding=\"async\" width=\"800\" height=\"459\" class=\"wp-image-245\" style=\"width:150px\" src=\"http:\/\/apfa.org.ar\/webeventos\/sief15\/wp-content\/uploads\/sites\/3\/2020\/02\/800px-conicet_logo_con_letras.png\" alt=\"undefined\" srcset=\"https:\/\/apfa.org.ar\/webeventos\/sief15\/wp-content\/uploads\/sites\/3\/2020\/02\/800px-conicet_logo_con_letras.png 800w, https:\/\/apfa.org.ar\/webeventos\/sief15\/wp-content\/uploads\/sites\/3\/2020\/02\/800px-conicet_logo_con_letras-300x172.png 300w, https:\/\/apfa.org.ar\/webeventos\/sief15\/wp-content\/uploads\/sites\/3\/2020\/02\/800px-conicet_logo_con_letras-768x441.png 768w\" sizes=\"auto, (max-width: 800px) 100vw, 800px\" \/>           <\/p>\n","protected":false},"excerpt":{"rendered":"<p>Coordinadora Titular Dra. Laura Buteler Coordinador Suplente Mg. Vicente Capuano Comit\u00e9 Organizador Mg. Edgardo Gutierrez Prof. Marcelo L\u00f3pez Dr. Enrique Coleoni Prof. Rafael Herrera Ing. Mirta Roitman Lic. Nicol\u00e1s Baudino Prof. M\u00f3nica Francettic Prof. Bruno Danielo Dr. Juan Velasco Prof. Nicol\u00e1s Velasco Dr. David Merlo Prof. Rosario Escobar Comit\u00e9 Cient\u00edfico Dra. Silvia Stipcich Dr. Diego &hellip; <a href=\"https:\/\/apfa.org.ar\/webeventos\/sief15\/organizacion\/\" class=\"more-link\">Seguir leyendo <span class=\"screen-reader-text\">Organizaci\u00f3n<\/span> <span class=\"meta-nav\">&rarr;<\/span><\/a><\/p>\n","protected":false},"author":2,"featured_media":0,"parent":0,"menu_order":0,"comment_status":"closed","ping_status":"closed","template":"","meta":{"footnotes":""},"class_list":["post-24","page","type-page","status-publish","hentry"],"_links":{"self":[{"href":"https:\/\/apfa.org.ar\/webeventos\/sief15\/wp-json\/wp\/v2\/pages\/24","targetHints":{"allow":["GET"]}}],"collection":[{"href":"https:\/\/apfa.org.ar\/webeventos\/sief15\/wp-json\/wp\/v2\/pages"}],"about":[{"href":"https:\/\/apfa.org.ar\/webeventos\/sief15\/wp-json\/wp\/v2\/types\/page"}],"author":[{"embeddable":true,"href":"https:\/\/apfa.org.ar\/webeventos\/sief15\/wp-json\/wp\/v2\/users\/2"}],"replies":[{"embeddable":true,"href":"https:\/\/apfa.org.ar\/webeventos\/sief15\/wp-json\/wp\/v2\/comments?post=24"}],"version-history":[{"count":0,"href":"https:\/\/apfa.org.ar\/webeventos\/sief15\/wp-json\/wp\/v2\/pages\/24\/revisions"}],"wp:attachment":[{"href":"https:\/\/apfa.org.ar\/webeventos\/sief15\/wp-json\/wp\/v2\/media?parent=24"}],"curies":[{"name":"wp","href":"https:\/\/api.w.org\/{rel}","templated":true}]}}

Organización

<h4 class="wp-block-heading">Coordinadora Titular</h4>



<p>Dra. Laura Buteler</p>



<h4 class="wp-block-heading">Coordinador Suplente</h4>



<p>Mg. Vicente Capuano</p>



<h4 class="wp-block-heading">Comité Organizador</h4>



<ul class="wp-block-list"><li>Mg. Edgardo Gutierrez</li><li>Prof. Marcelo López</li><li>Dr. Enrique Coleoni</li><li>Prof. Rafael Herrera</li><li>Ing. Mirta Roitman</li><li>Lic. Nicolás Baudino</li><li>Prof. Mónica Francettic</li><li>Prof. Bruno Danielo</li><li>Dr. Juan Velasco</li><li>Prof. Nicolás Velasco</li><li>Dr. David Merlo</li><li>Prof. Rosario Escobar</li></ul>



<h4 class="wp-block-heading">Comité Científico</h4>



<ul class="wp-block-list"><li> Dra. Silvia Stipcich</li><li> Dr. Diego Petrucci</li><li> Dra. Irene Arriasecq</li><li> Dra. Marta Pesa</li><li> Dra. Sonia Concari</li><li> Dr. Juan Manuel Martínez</li><li> Dra. Claudia Mazzitelli</li><li> Dr. Marco Antonio Moreira</li><li> Dra. Marta Massa</li><li> Dr. Agustín Adúriz Bravo</li></ul>



<h4 class="wp-block-heading">Instituciones Participantes</h4>



<ul class="wp-block-list"><li>Asociación de Profesores de Física Argentina</li><li>Facultad de Matemática, Astronomía, Física y Computación &#8211; UNC</li><li>Facultad de Ciencias Exactas, Físicas y Naturales &#8211; UNC</li><li>Instituto de Enseñanza Superior Simón Bolívar</li></ul>



<h4 class="wp-block-heading">Auspician</h4>



<p><img loading="lazy" decoding="async" width="800" height="459" class="wp-image-245" style="width:150px" src="http://apfa.org.ar/webeventos/sief15/wp-content/uploads/sites/3/2020/02/800px-conicet_logo_con_letras.png" alt="undefined" srcset="https://apfa.org.ar/webeventos/sief15/wp-content/uploads/sites/3/2020/02/800px-conicet_logo_con_letras.png 800w, https://apfa.org.ar/webeventos/sief15/wp-content/uploads/sites/3/2020/02/800px-conicet_logo_con_letras-300x172.png 300w, https://apfa.org.ar/webeventos/sief15/wp-content/uploads/sites/3/2020/02/800px-conicet_logo_con_letras-768x441.png 768w" sizes="auto, (max-width: 800px) 100vw, 800px" />           </p>

<p>Coordinadora Titular Dra. Laura Buteler Coordinador Suplente Mg. Vicente Capuano Comité Organizador Mg. Edgardo Gutierrez Prof. Marcelo López Dr. Enrique Coleoni Prof. Rafael Herrera Ing. Mirta Roitman Lic. Nicolás Baudino Prof. Mónica Francettic Prof. Bruno Danielo Dr. Juan Velasco Prof. Nicolás Velasco Dr. David Merlo Prof. Rosario Escobar Comité Científico Dra. Silvia Stipcich Dr. Diego &hellip; <a href="https://apfa.org.ar/webeventos/sief15/organizacion/" class="more-link">Seguir leyendo <span class="screen-reader-text">Organización</span> <span class="meta-nav">&rarr;</span></a></p>
