{"id":62,"date":"2022-05-09T22:29:47","date_gmt":"2022-05-09T22:29:47","guid":{"rendered":"https:\/\/apfa.org.ar\/sief16\/?page_id=62"},"modified":"2022-05-09T22:29:47","modified_gmt":"2022-05-09T22:29:47","slug":"objetivos","status":"publish","type":"page","link":"https:\/\/apfa.org.ar\/webeventos\/sief16\/objetivos\/","title":{"rendered":"Objetivos"},"content":{"rendered":"\n<p><strong>SIEF<\/strong><\/p>\n\n\n\n<ul class=\"wp-block-list\"><li>Favorecer la comunicaci\u00f3n y articulaci\u00f3n dentro de la comunidad de investigadores en educaci\u00f3n f\u00edsica.<\/li><li>Difundir resultados de investigaciones recientes en el \u00e1rea.<\/li><li>Profundizar aspectos relacionados con l\u00edneas de investigaci\u00f3n, marcos te\u00f3ricos, metodolog\u00edas, transferencia y comunicaci\u00f3n de resultados.<\/li><li>Fomentar la formaci\u00f3n de investigadores y los estudios de posgrado en el \u00e1rea.<\/li><\/ul>\n","protected":false},"excerpt":{"rendered":"<p>SIEF Favorecer la comunicaci\u00f3n y articulaci\u00f3n dentro de la comunidad de investigadores en educaci\u00f3n f\u00edsica. Difundir resultados de investigaciones recientes en el \u00e1rea. Profundizar aspectos relacionados con l\u00edneas de investigaci\u00f3n, marcos te\u00f3ricos, metodolog\u00edas, transferencia y comunicaci\u00f3n de resultados. Fomentar la &hellip; <a href=\"https:\/\/apfa.org.ar\/webeventos\/sief16\/objetivos\/\">Sigue leyendo <span class=\"meta-nav\">&rarr;<\/span><\/a><\/p>\n","protected":false},"author":3,"featured_media":0,"parent":0,"menu_order":1,"comment_status":"closed","ping_status":"closed","template":"","meta":{"footnotes":""},"class_list":["post-62","page","type-page","status-publish","hentry"],"_links":{"self":[{"href":"https:\/\/apfa.org.ar\/webeventos\/sief16\/wp-json\/wp\/v2\/pages\/62","targetHints":{"allow":["GET"]}}],"collection":[{"href":"https:\/\/apfa.org.ar\/webeventos\/sief16\/wp-json\/wp\/v2\/pages"}],"about":[{"href":"https:\/\/apfa.org.ar\/webeventos\/sief16\/wp-json\/wp\/v2\/types\/page"}],"author":[{"embeddable":true,"href":"https:\/\/apfa.org.ar\/webeventos\/sief16\/wp-json\/wp\/v2\/users\/3"}],"replies":[{"embeddable":true,"href":"https:\/\/apfa.org.ar\/webeventos\/sief16\/wp-json\/wp\/v2\/comments?post=62"}],"version-history":[{"count":0,"href":"https:\/\/apfa.org.ar\/webeventos\/sief16\/wp-json\/wp\/v2\/pages\/62\/revisions"}],"wp:attachment":[{"href":"https:\/\/apfa.org.ar\/webeventos\/sief16\/wp-json\/wp\/v2\/media?parent=62"}],"curies":[{"name":"wp","href":"https:\/\/api.w.org\/{rel}","templated":true}]}}