{"id":72,"date":"2022-05-09T22:41:25","date_gmt":"2022-05-09T22:41:25","guid":{"rendered":"https:\/\/apfa.org.ar\/sief16\/?page_id=72"},"modified":"2022-05-09T22:41:25","modified_gmt":"2022-05-09T22:41:25","slug":"programa-sief16","status":"publish","type":"page","link":"https:\/\/apfa.org.ar\/webeventos\/sief16\/programa-sief16\/","title":{"rendered":"Programa"},"content":{"rendered":"\n<p>Estas actividades se realizaran en modalidad virtual. <\/p>\n\n\n\n<p>Lunes <strong>28 de noviembre<\/strong><\/p>\n\n\n\n<pre class=\"wp-block-preformatted\">10:00 Conferencia inaugural: <em>M\u00e1s sobre abducci\u00f3n (no alien\u00edgena): Modos \"sustantivos\" de pensar en f\u00edsica<\/em>. <strong><a rel=\"noreferrer noopener\" href=\"https:\/\/www.conicet.gov.ar\/new_scp\/detalle.php?id=42649&amp;datos_academicos=yes\" data-type=\"URL\" data-id=\"https:\/\/www.conicet.gov.ar\/new_scp\/detalle.php?id=42649&amp;datos_academicos=yes\" target=\"_blank\">Dr. Agust\u00edn Ad\u00fariz-Bravo<\/a><\/strong> (UBA, CONICET)\n11:30 Conferencia: <em>Criterios, dilemas y tensiones ante la publicaci\u00f3n en revistas sobre educaci\u00f3n cient\u00edfica.<\/em> <a rel=\"noreferrer noopener\" href=\"http:\/\/orcid.org\/0000-0002-2686-6131\" data-type=\"URL\" data-id=\"http:\/\/orcid.org\/0000-0002-2686-6131\" target=\"_blank\"><strong>Dr. Jos\u00e9 Mar\u00eda Oliva<\/strong><\/a> (UCA - Espa\u00f1a, Revista Eureka)\n14:30 Discusi\u00f3n de trabajos\n16:30 Conferencia: <em>M\u00e9todos neurofisiol\u00f3gicos e inteligencia artificial para impulsar la investigaci\u00f3n en la ense\u00f1anza de las ciencias<\/em>. <strong><a href=\"https:\/\/www.researchgate.net\/profile\/Angel-Martinez-22\" data-type=\"URL\" data-id=\"https:\/\/www.researchgate.net\/profile\/Angel-Martinez-22\" target=\"_blank\" rel=\"noreferrer noopener\">Dr. \u00c1ngel Ezquerra<\/a><\/strong> (UCM - Espa\u00f1a)\n18:00 Conferencia: <em>Reflexi\u00f3n sobre la pr\u00e1ctica en la formaci\u00f3n docente inicial y continua en Ciencias Naturales.<\/em> <strong><a rel=\"noreferrer noopener\" href=\"https:\/\/www.conicet.gov.ar\/new_scp\/detalle.php?id=22189&amp;datos_academicos=yes\" data-type=\"URL\" data-id=\"https:\/\/www.conicet.gov.ar\/new_scp\/detalle.php?id=22189&amp;datos_academicos=yes\" target=\"_blank\">Dra. Claudia Mazzitelli<\/a><\/strong> (UNSJ, CONICET)<\/pre>\n\n\n\n<p>Martes <strong>29 de noviembre<\/strong><\/p>\n\n\n\n<pre class=\"wp-block-preformatted\">10:00 Conferencia: <em>Investigaci\u00f3n en Did\u00e1ctica de la Astronom\u00eda. Un campo para correr riesgos.<\/em> <strong><a rel=\"noreferrer noopener\" href=\"https:\/\/www.conicet.gov.ar\/new_scp\/detalle.php?id=38021&amp;datos_academicos=yes\" data-type=\"URL\" data-id=\"https:\/\/www.conicet.gov.ar\/new_scp\/detalle.php?id=38021&amp;datos_academicos=yes\" target=\"_blank\">Dr. N\u00e9stor Camino<\/a><\/strong> (UNPSJB FHCS, CONICET)\n11:30 Conferencia MIDEC: <em>La Ense\u00f1anza de la F\u00edsica en Educaci\u00f3n Elemental mediante Filosof\u00eda para Ni\u00f1os.<\/em> <strong><a rel=\"noreferrer noopener\" href=\"https:\/\/www.researchgate.net\/profile\/Cesar-Mora\" data-type=\"URL\" data-id=\"https:\/\/www.researchgate.net\/profile\/Cesar-Mora\" target=\"_blank\">Dr. Cesar Mora Ley<\/a> <\/strong>(IPN - M\u00e9xico)\n14:30 Discusi\u00f3n de trabajos\n16:30 Conferencia: <em>M\u00faltiples estudios para m\u00faltiples variables. Cuando el desaf\u00edo es investigar el aprendizaje de la F\u00edsica.<\/em> <a rel=\"noreferrer noopener\" href=\"https:\/\/www.conicet.gov.ar\/new_scp\/detalle.php?id=29976&amp;datos_academicos=yes\" data-type=\"URL\" data-id=\"https:\/\/www.conicet.gov.ar\/new_scp\/detalle.php?id=29976&amp;datos_academicos=yes\" target=\"_blank\"><strong>Dra. Bettina Bravo<\/strong><\/a> (UNICEN, CONICET)\n18:00 Conferencia ABRAPEC: <em>Educaci\u00f3n en Ciencias: futuros posibles.<\/em> <strong><a rel=\"noreferrer noopener\" href=\"https:\/\/www.researchgate.net\/profile\/Isabel-Martins-8\" data-type=\"URL\" data-id=\"https:\/\/www.researchgate.net\/profile\/Isabel-Martins-8\" target=\"_blank\">Dra. Isabel Martins<\/a><\/strong> (UFRJ - Brasil)<\/pre>\n\n\n\n<p>Mi\u00e9rcoles <strong>30 de noviembre<\/strong><\/p>\n\n\n\n<pre class=\"wp-block-preformatted\">10:00 Conferencia GIREP: <em>\u00bfEn qu\u00e9 medida las orientaciones te\u00f3ricas de los dise\u00f1adores de materiales de ense\u00f1anza determinan las decisiones de dise\u00f1o?<\/em> <strong><a rel=\"noreferrer noopener\" href=\"https:\/\/www.researchgate.net\/profile\/Jenaro-Guisasola\" data-type=\"URL\" data-id=\"https:\/\/www.researchgate.net\/profile\/Jenaro-Guisasola\" target=\"_blank\">Dr. Jenaro Guisasola<\/a><\/strong> (UPV - Espa\u00f1a)\n11:30 Conferencia de clausura: <em>Ejemplos hist\u00f3ricos de relaciones entre el Estado y la Ense\u00f1anza de las Ciencias.<\/em> <strong><a rel=\"noreferrer noopener\" href=\"https:\/\/www.researchgate.net\/profile\/Cristiano-Mattos\" data-type=\"URL\" data-id=\"https:\/\/www.researchgate.net\/profile\/Cristiano-Mattos\" target=\"_blank\">Dr. Cristiano Mattos<\/a> <\/strong>(USP - Brasil)<\/pre>\n\n\n\n<p><strong>Otras actividades<\/strong><\/p>\n\n\n\n<pre class=\"wp-block-preformatted\">23 de noviembre 12:00. <em>Acto de inauguraci\u00f3n<\/em>. Presencial por invitaci\u00f3n y transmisi\u00f3n en diferido.\n23 de noviembre 13:00. Conferencia de Apertura: La investigaci\u00f3n educativa como base de la formaci\u00f3n de posgrado.<a rel=\"noreferrer noopener\" href=\"https:\/\/www.researchgate.net\/profile\/Rosa-Sigua\" data-type=\"URL\" data-id=\"https:\/\/www.researchgate.net\/profile\/Rosa-Sigua\" target=\"_blank\"><strong> Dra. Rosa Nidia Tuay Sigua<\/strong><\/a> (UPN - Colombia)\n24 y 25 de noviembre. <em>Workshop<\/em>. Presencial\n24 de noviembre 16:00. <em>Espacio APFA: encuentro de socios<\/em>. Virtual y para socios.\n24 de noviembre 21:00. <em>Cena de camarader\u00eda<\/em>. Presencial incluida en la inscripci\u00f3n.\n25 de noviembre 16:45. <em>Asamblea General Ordinaria APFA<\/em>. Presencial y para socios de APFA.<\/pre>\n\n\n\n<p><\/p>\n","protected":false},"excerpt":{"rendered":"<p>Estas actividades se realizaran en modalidad virtual. Lunes 28 de noviembre 10:00 Conferencia inaugural: M\u00e1s sobre abducci\u00f3n (no alien\u00edgena): Modos \u00absustantivos\u00bb de pensar en f\u00edsica. Dr. Agust\u00edn Ad\u00fariz-Bravo (UBA, CONICET) 11:30 Conferencia: Criterios, dilemas y tensiones ante la publicaci\u00f3n en &hellip; <a href=\"https:\/\/apfa.org.ar\/webeventos\/sief16\/programa-sief16\/\">Sigue leyendo <span class=\"meta-nav\">&rarr;<\/span><\/a><\/p>\n","protected":false},"author":3,"featured_media":0,"parent":0,"menu_order":5,"comment_status":"closed","ping_status":"closed","template":"","meta":{"footnotes":""},"class_list":["post-72","page","type-page","status-publish","hentry"],"_links":{"self":[{"href":"https:\/\/apfa.org.ar\/webeventos\/sief16\/wp-json\/wp\/v2\/pages\/72","targetHints":{"allow":["GET"]}}],"collection":[{"href":"https:\/\/apfa.org.ar\/webeventos\/sief16\/wp-json\/wp\/v2\/pages"}],"about":[{"href":"https:\/\/apfa.org.ar\/webeventos\/sief16\/wp-json\/wp\/v2\/types\/page"}],"author":[{"embeddable":true,"href":"https:\/\/apfa.org.ar\/webeventos\/sief16\/wp-json\/wp\/v2\/users\/3"}],"replies":[{"embeddable":true,"href":"https:\/\/apfa.org.ar\/webeventos\/sief16\/wp-json\/wp\/v2\/comments?post=72"}],"version-history":[{"count":0,"href":"https:\/\/apfa.org.ar\/webeventos\/sief16\/wp-json\/wp\/v2\/pages\/72\/revisions"}],"wp:attachment":[{"href":"https:\/\/apfa.org.ar\/webeventos\/sief16\/wp-json\/wp\/v2\/media?parent=72"}],"curies":[{"name":"wp","href":"https:\/\/api.w.org\/{rel}","templated":true}]}}