{"id":76,"date":"2022-05-09T22:43:27","date_gmt":"2022-05-09T22:43:27","guid":{"rendered":"https:\/\/apfa.org.ar\/sief16\/?page_id=76"},"modified":"2022-05-09T22:43:27","modified_gmt":"2022-05-09T22:43:27","slug":"escuela-congridec","status":"publish","type":"page","link":"https:\/\/apfa.org.ar\/webeventos\/sief16\/escuela-congridec\/","title":{"rendered":"Escuela CONGRIDEC"},"content":{"rendered":"\n<figure class=\"wp-block-image size-full is-resized\"><a href=\"http:\/\/apfa.org.ar\/webeventos\/sief16\/wp-content\/uploads\/sites\/4\/2022\/09\/escuela-congridec-1.png\"><img loading=\"lazy\" decoding=\"async\" src=\"http:\/\/apfa.org.ar\/webeventos\/sief16\/wp-content\/uploads\/sites\/4\/2022\/09\/escuela-congridec-1.png\" alt=\"\" class=\"wp-image-277\" width=\"187\" height=\"81\" \/><\/a><figcaption><em>AVANCES DE INVESTIGACI\u00d3N EN EDUCACI\u00d3N DE LAS CIENCIAS EXPERIMENTALES Y DE LA SALUD<\/em><\/figcaption><\/figure>\n\n\n\n<p>La sexta edici\u00f3n de la Escuela de Posgrado CONGRIDEC es un espacio de formaci\u00f3n dirigido a estudiantes de especializaci\u00f3n, maestr\u00eda y doctorado del campo de la investigaci\u00f3n en educaci\u00f3n en ciencias. Forma parte de la oferta de cursos de posgrado de la Universidad de Buenos Aires y se realiza en el marco de SIEF.<\/p>\n\n\n\n<p><strong>Fecha:<\/strong> 23 al 30 de noviembre de 2022<\/p>\n\n\n\n<p><strong>Estructura acad\u00e9mica:<\/strong><\/p>\n\n\n\n<ul class=\"wp-block-list\"><li><em>Direcci\u00f3n<\/em>: Dra. M. Gabriela Lorenzo (UBA, CONICET) y Dr. Ignacio J. Idoyaga (UBA, CONICET)<\/li><li><em>Tutores<\/em>: Dra. Leticia Garc\u00eda Romano (UBA, CONICET), Mg. Pricila Biber (UNC), Dra. Erica Zorrilla (UNSJ, CONICET), Dra. Ligia Quse (UNC), Dra. Irene Arriassecq (UNICEN, CONICET), Dr. Jos\u00e9 Galiano (UNSE). Dra. Andrea Farr\u00e9 (UNRN), Dra. Cristina Iturralde (UNICEN), Dra. Sandra Hern\u00e1ndez (UNS), Mg. Teresa Quintero (UNRC), Mg. Sof\u00eda Sol Mart\u00edn (UNMP)<\/li><li><em>Responsables de workshops<\/em>: Dr. Carlos Arguedas-Matarrita (UNED &#8211; Costa Rica), Dra. Sonia Concari (UNR), Dra. Claudia Mazzitelli (UNSJ, CONICET), Dra. Bettina Bravo (UNICEN, CONICET), Dra. Rosa Nidia Tuay Sigua (UPN, Colombia)<\/li><li><em>Responsables de minicursos<\/em>: Dra. Silvina Reyes (UNL), Dr. Damian Lamper (UNQ), Dra. Maricel Ochelli (UNC, CONICET), Dr. H\u00e9ctor Odetti (UNL), Dra. Ana Fabro (UNL)<\/li><\/ul>\n\n\n\n<p><strong>Objetivos de la Escuela:<\/strong><\/p>\n\n\n\n<ul class=\"wp-block-list\"><li>Ofrecer un espacio formativo y de intercambio de experiencias para investigadores en formaci\u00f3n&nbsp;<\/li><li>Promover el desarrollo de actividades de para la formaci\u00f3n de investigadores del \u00e1mbito latinoamericano atendiendo especialmente las necesidades de la regi\u00f3n.&nbsp;<\/li><li>Circular el conocimiento generado a partir de las actividades del CONGRIDEC<\/li><\/ul>\n\n\n\n<p><strong>Requisitos de inscripci\u00f3n:<\/strong><\/p>\n\n\n\n<ul class=\"wp-block-list\"><li>Ser estudiante de un&nbsp;programa de posgrado (especializaci\u00f3n, maestr\u00eda o doctorado) en educaci\u00f3n en ciencias.<\/li><li>Contar con el aval del director o tutor dentro del programa al que pertenece el candidato<\/li><li>Enviar el \u201cdocumento de trabajo\u201d (ver abajo)<\/li><li>Cumplimentar la incripci\u00f3n correspondiente<\/li><\/ul>\n\n\n\n<p><strong>Actividades:<\/strong><\/p>\n\n\n\n<ul class=\"wp-block-list\"><li>Encuentro con tutores<\/li><li>MasterClass<\/li><li>Conferencias<\/li><li>Mesas redondas<\/li><li>Workshops o minicursos<\/li><\/ul>\n\n\n\n<p><strong>Documento de trabajo:<\/strong><\/p>\n\n\n\n<p>Durante la escuela, los participantes deberan elaborar un texto que sea susceptible de ser publicado como art\u00edculo en <em>Nuevas Perspectivas. Revista de Educaci\u00f3n en Ciencias Naturales y Tecnolog\u00eda.<\/em> Para esto deber\u00e1n presentar luego de la inscripci\u00f3n un un primer borrador, \u201cdocumento de trabajo\u201d (de entre 2500 y 3000 palabras), que se les requerir\u00e1 por correo electr\u00f3nico (leer abajo el apartado Admisi\u00f3n). El mismo, debe ser confeccionado siguiendo las indicaciones para autores que aparecen en el siguiente enlace:<\/p>\n\n\n\n<p><a href=\"https:\/\/revistanuevasperspectivas.aduba.org.ar\/ojs\/index.php\/nuevasperspectivas\/about\/submissions#authorGuidelines\">https:\/\/revistanuevasperspectivas.aduba.org.ar\/ojs\/index.php\/nuevasperspectivas\/about\/submissions#authorGuidelines<\/a><\/p>\n\n\n\n<p>El contenido del texto debe dar cuenta de alg\u00fan especto de su trabajo de tesis o TFI de posgrado (doctorado, maestr\u00eda o especializaci\u00f3n). El espacio formativo de la escuela ofrecer\u00e1 la oportunidad de enriquecer y mejorar dicho trabajo a partir del aporte de los tutores, el intercambio con los pares y los aprendizajes construidos a partir del resto de las actividades.<\/p>\n\n\n\n<p><strong>Condiciones de aprobaci\u00f3n:<\/strong><\/p>\n\n\n\n<ul class=\"wp-block-list\"><li>Cumplir con una asistencia del 80% a las actividades.&nbsp;<\/li><li>Participar activamente en las reuniones de trabajo con los tutores.&nbsp;<\/li><li>Presentar un trabajo final sobre su tema de investigaci\u00f3n confeccionado a partir del \u00abdocumento de trabajo\u00bb enviado en el que se evidencien los aportes de la escuela. Dicho trabajo final ser\u00e1 presentado en Workshop de Investigaci\u00f3n en Did\u00e1ctica de las Ciencias (UNRC, 6 y 7 de diciembre) y considerado para su publicaci\u00f3n en <em>Nuevas Perspectivas. Revista de Educaci\u00f3n en Ciencias Naturales y Tecnolog\u00eda.<\/em><\/li><\/ul>\n\n\n\n<p><strong>Modalidad:<\/strong><\/p>\n\n\n\n<p>Los participantes podran optar por una modalidad integramente virtual o semipresencial. En la modalidad semipresencial deber\u00e1n elegir uno de los Workshop ofrecidos en SIEF. En la modalidad virtual deber\u00e1n cumplimentar al menos 2 minicursos.<\/p>\n\n\n\n<p><strong>Admisi\u00f3n:<\/strong><\/p>\n\n\n\n<p>Una vez realizada la inscripci\u00f3n (ver pagina correspondiente) recibir\u00e1n un mail (en plazo no mayor a 15 d\u00edas), desde la secretar\u00eda de la escuela, donde se les requerir\u00e1 la documentaci\u00f3n que acredite los requisitos antes mencionados (certificaci\u00f3n que acredite su condici\u00f3n de alumno de posgrado, conformidad del tutor o director de tesis en su programa de posgrado y \u00abdocumento de trabajo\u00bb. Cabe remarcar que la inscripci\u00f3n cierra el 14 de noviembre y que ese d\u00eda debe estar presentada la documentaci\u00f3n (incluyendo el documento de trabajo). Por ende, recomendamos realizar la inscripci\u00f3n con la mayor antelaci\u00f3n, reunir la documentaci\u00f3n necesaria y comenzar la confecci\u00f3n del documento de trabajo antes de que sea requerido. La escuela admite un m\u00e1ximo de 25 participantes.<\/p>\n\n\n\n<p><a href=\"https:\/\/docs.google.com\/document\/d\/1QXgoYvIIcuVuRHWhEspb9ee9d-KBDO3i\/edit?usp=sharing&amp;ouid=104336872618570571829&amp;rtpof=true&amp;sd=true\" data-type=\"URL\" data-id=\"https:\/\/docs.google.com\/document\/d\/1QXgoYvIIcuVuRHWhEspb9ee9d-KBDO3i\/edit?usp=sharing&amp;ouid=104336872618570571829&amp;rtpof=true&amp;sd=true\" target=\"_blank\" rel=\"noreferrer noopener\"><strong>Informaci\u00f3n detallada de la escuela: <\/strong>ver aqu\u00ed<\/a><\/p>\n\n\n\n<p><a href=\"https:\/\/docs.google.com\/document\/d\/1PEe0i6TPMah72_3e7caLlCYX7QiDKV2G\/edit?usp=sharing&amp;ouid=106351829703534212596&amp;rtpof=true&amp;sd=true\" data-type=\"URL\" data-id=\"https:\/\/docs.google.com\/document\/d\/1PEe0i6TPMah72_3e7caLlCYX7QiDKV2G\/edit?usp=sharing&amp;ouid=106351829703534212596&amp;rtpof=true&amp;sd=true\" target=\"_blank\" rel=\"noreferrer noopener\"><strong>Reglamento de la escuela:<\/strong> ver aqu\u00ed<\/a><\/p>\n","protected":false},"excerpt":{"rendered":"<p>La sexta edici\u00f3n de la Escuela de Posgrado CONGRIDEC es un espacio de formaci\u00f3n dirigido a estudiantes de especializaci\u00f3n, maestr\u00eda y doctorado del campo de la investigaci\u00f3n en educaci\u00f3n en ciencias. Forma parte de la oferta de cursos de posgrado &hellip; <a href=\"https:\/\/apfa.org.ar\/webeventos\/sief16\/escuela-congridec\/\">Sigue leyendo <span class=\"meta-nav\">&rarr;<\/span><\/a><\/p>\n","protected":false},"author":3,"featured_media":0,"parent":0,"menu_order":8,"comment_status":"closed","ping_status":"closed","template":"","meta":{"footnotes":""},"class_list":["post-76","page","type-page","status-publish","hentry"],"_links":{"self":[{"href":"https:\/\/apfa.org.ar\/webeventos\/sief16\/wp-json\/wp\/v2\/pages\/76","targetHints":{"allow":["GET"]}}],"collection":[{"href":"https:\/\/apfa.org.ar\/webeventos\/sief16\/wp-json\/wp\/v2\/pages"}],"about":[{"href":"https:\/\/apfa.org.ar\/webeventos\/sief16\/wp-json\/wp\/v2\/types\/page"}],"author":[{"embeddable":true,"href":"https:\/\/apfa.org.ar\/webeventos\/sief16\/wp-json\/wp\/v2\/users\/3"}],"replies":[{"embeddable":true,"href":"https:\/\/apfa.org.ar\/webeventos\/sief16\/wp-json\/wp\/v2\/comments?post=76"}],"version-history":[{"count":0,"href":"https:\/\/apfa.org.ar\/webeventos\/sief16\/wp-json\/wp\/v2\/pages\/76\/revisions"}],"wp:attachment":[{"href":"https:\/\/apfa.org.ar\/webeventos\/sief16\/wp-json\/wp\/v2\/media?parent=76"}],"curies":[{"name":"wp","href":"https:\/\/api.w.org\/{rel}","templated":true}]}}